p = n + k. Suppose 4*i - 3*i = x + 5, 3*x = -3*i + n. What are the prime factors of i?
3
Suppose 0 = -3*q + 51 + 63. List the prime factors of q.
2, 19
Suppose -5*l + 3*r = -60, -l = -4*l - 2*r + 36. Suppose -l = -3*h - h. What are the prime factors of h?
3
Let g be (-28)/6 - (-3)/(-9). Let b = g + 5. Let k = 3 + b. What are the prime factors of k?
3
Let q = 3 - 1. Let n be q - (2/1 + 0). Suppose -5*v = 4*x - 53, -v + n*x - 2*x = -13. What are the prime factors of v?
3
Suppose 0 = 3*s - 22 - 5. Let a = 24 + -19. Suppose 4*x + b = 33, 3*x + b = a*x - s. What are the prime factors of x?
7
Let r(j) = -j**2 + 8*j + 2. Let p be r(8). Suppose i = p*i - 45. Suppose -4*v + v + 4*k = -27, 5*v = 2*k + i. What are the prime factors of v?
3
Suppose 3*j = -2*i - 2*i - 14, -j - 6 = 2*i. What are the prime factors of -3 - ((-20)/i)/(-2)?
2
Let y = -20 + 12. List the prime factors of (-77)/(-4) - (-2)/y.
19
Let s = -57 - -24. Let o = 16 + s. Let q = 29 + o. What are the prime factors of q?
2, 3
Suppose v - 3*z = 2*z + 55, 0 = 2*v - 2*z - 118. Let w be (8/20)/(2/v). Suppose 4*x = -4 + w. What are the prime factors of x?
2
Let a be (-3)/(4/(-6 - 2)). Suppose 0 = -n + a*n - 85. What are the prime factors of n?
17
Let w(t) = -t - 3. Let v = -22 + 16. Let a be w(v). Suppose 2*u - 32 = a*q, -2*u = -u - q - 14. What are the prime factors of u?
2, 5
Let y = -224 + 353. List the prime factors of y.
3, 43
Suppose -88 = -4*d + 4*f, -f + 37 = d + f. List the prime factors of d.
3
Let f = -18 - -23. Suppose -f*c = -10*c + 170. List the prime factors of c.
2, 17
Suppose -3*p = -p - 4. Suppose 0 = -2*u - p*o + 5*o + 63, -2*u - o = -51. What are the prime factors of u?
3
Let o(y) = -2 - 1 - 3 + 6*y + 7. What are the prime factors of o(1)?
7
Let m(q) = -q**2 + 10*q + 10. Let t(p) = -p. Let n(l) = m(l) + 3*t(l). Let v be n(8). List the prime factors of v + 5 + -3 - -2.
2, 3
Let b(y) be the second derivative of y**5/30 - y**4/24 + 3*y**2/2 - y. Let m(c) be the first derivative of b(c). What are the prime factors of m(3)?
3, 5
Suppose 5*a - 79 = -3*p, -2*a + 6*a - 4*p = 44. Suppose -r + a + 1 = -2*w, -3*r + 4*w = -37. What are the prime factors of r?
7
Let m be (78/5)/(2/5). Let x = m + -23. What are the prime factors of x?
2
Let c = 9 + -7. Suppose 3*i - i = 3*s - 59, -37 = -c*s - i. List the prime factors of s.
19
Suppose -58 = -z - 2*r, z + 4*r - 38 = 28. Suppose 0 = 5*h - 4*x - z, 3*h + 2 = -x + 32. What are the prime factors of h?
2, 5
Let t(s) = 2*s - 10. Let p(w) = -w - 1. Let o(c) = -p(c) - t(c). What are the prime factors of o(-9)?
2, 5
Let s be -1*(2 + -3) - 2. List the prime factors of s + (-2)/(-1) + 13.
2, 7
Let m(v) = v**3 - 8*v**2 + 6*v - 11. Suppose -21 = -4*k + 11. List the prime factors of m(k).
37
Suppose 6*o = 2*o + 76. What are the prime factors of o?
19
Suppose 5*c - 16 = -q, 3*q - 80 = -2*q - c. Suppose f = 3*f - q. What are the prime factors of f?
2
Let t = 7 - 5. Suppose 20 = t*a + 2*h, 3*h - 11 = -4*a + 25. Let q = a - 2. What are the prime factors of q?
2
Suppose 0 = 4*o - 3*i - i - 324, i = -2*o + 150. What are the prime factors of o?
7, 11
List the prime factors of ((-5635)/(-7))/7*(2 - 1).
5, 23
Let c = 13 + -8. Suppose 2*d - 3*d - 3 = 2*p, -p - 6 = c*d. List the prime factors of (-12)/d*(-3)/(-9).
2
Suppose 0 = 2*a - s + 62, 3*a - 5*s + 93 = 7. Let k = 59 + a. What are the prime factors of k?
3
Let d = -76 + 128. What are the prime factors of d?
2, 13
Let g(b) = -b**2 - 9*b. Suppose -k + 30 = -0*k. Suppose -2*d + 3*x = -5*d - k, -5*x + 6 = -2*d. What are the prime factors of g(d)?
2
Let g = 24 + -6. Suppose g = -2*c + 4*c. What are the prime factors of c?
3
Suppose 0 = 2*c - 3*c + 33. What are the prime factors of c?
3, 11
Let l = -256 + 371. List the prime factors of l.
5, 23
Suppose 296 = 4*d - 3*v, 148 = -0*d + 2*d + 2*v. List the prime factors of d.
2, 37
Let c(l) = -8*l + 1. Let j be c(-3). Let z = 47 - j. What are the prime factors of z?
2, 11
Suppose 27*v - 29*v = -124. What are the prime factors of v?
2, 31
Let y(b) = 4*b + 3. Let x be y(6). Let o be 2*(-1)/(-2) - x. Let n = -16 - o. What are the prime factors of n?
2, 5
Let b be (-3)/(2 - 2/4). Let s(h) = -h**3 + 9*h**2 - 4. Let w be s(9). Let g = b - w. List the prime factors of g.
2
Let r(l) = 5*l - 1 - 2*l + 3 + 0 + 3*l**2. What are the prime factors of r(-4)?
2, 19
Suppose 4*i + 18 = m - 41, 5*i + 2*m + 77 = 0. Let x = 15 - i. What are the prime factors of x?
2, 3, 5
Suppose -7*y = -1052 + 170. What are the prime factors of y?
2, 3, 7
Let b(q) = 7*q**2 + q - 4. What are the prime factors of b(3)?
2, 31
Let y(p) = -p**2. Let f be y(4). Let a = -6 - 2. Let h = a - f. List the prime factors of h.
2
Suppose 165 = -u + 2*u. Suppose -25 = -5*q, 10 = -5*h + 3*q + u. What are the prime factors of h?
2, 17
Suppose -2*u - 12 = -u - 3*q, -4*u + 2 = -2*q. Suppose 0 = -29*r + 27*r + 4. Suppose 3 = -r*g - u, -3*j - 2*g + 36 = 0. What are the prime factors of j?
2, 7
Let l(y) = -y**2 + 7*y - 5. Let r be l(6). Let m be r/4 + (-2)/8. Suppose -n - 51 = -4*p - m*n, 2*n = 2. What are the prime factors of p?
13
What are the prime factors of 6/42 - 333/(-21)?
2
Let k(c) be the third derivative of c**5/60 - 7*c**4/24 + c**3 - c**2. Let m be k(6). Suppose m = -3*h - 14 + 62. What are the prime factors of h?
2
Let m = 278 - 198. List the prime factors of m.
2, 5
Let h = 83 + -50. What are the prime factors of (h - 0)/3 - 2?
3
Let d = 24 + 17. What are the prime factors of d?
41
Let r(m) = -4*m + 4. Let y be r(-4). Suppose 4*l = y - 0. Suppose p - 50 = -3*v, l*v - p - 102 = 2*p. List the prime factors of v.
2, 3
Let k be 2 + 0 + (40 - 2). Suppose -5*z + 5 = 0, 0 = -n - 3*z - 7 + k. What are the prime factors of n?
2, 3, 5
Let o = -156 + 373. What are the prime factors of o?
7, 31
Suppose 2*x = r - 32, 0 = -2*r - 2*x - 0*x + 94. List the prime factors of r.
2, 3, 7
Suppose 3*i = 2*d + 196, -2*d - 45 = -i + 27. List the prime factors of i.
2, 31
Let l be 3/6*(7 + 3). Suppose -l*h + 90 = 5. What are the prime factors of h?
17
Let j = 116 + -67. Let s(p) = 43*p**2 - p - 1. Let u be s(-1). Suppose -4*v + j = -7*a + 2*a, a - u = -4*v. What are the prime factors of v?
11
Suppose w + 6 + 6 = 4*f, 3*w + 4 = 4*f. Suppose 0*o + 3*o = w*r + 70, -4*r - o = 62. Let a = -11 - r. List the prime factors of a.
5
Suppose -4*b - 48 = -16. Let n be (4 + -2)/((-1)/b). Suppose 0 = -3*h - 1 + n. List the prime factors of h.
5
Suppose 5*q - 5*w = 295, 0 = 3*q + w + 53 - 238. What are the prime factors of q?
61
Let v be 20/15*18/(-4). Let t(l) = -l**3 - 6*l**2 + 3*l + 5. Let k be t(v). Let s = k + 18. List the prime factors of s.
5
Let t be 13 + -2 + -1 + 2. Let c be (t/(-10))/3*-10. Suppose 3*o + 2*j = 58 - 21, -c*j - 3 = -o. List the prime factors of o.
11
List the prime factors of ((-5)/(-4))/(3 - 1102/368).
2, 5, 23
Suppose z - 329 = -c + 2*z, 5*z + 643 = 2*c. What are the prime factors of c?
2, 167
Let m(i) = -i. Let g(v) = 19*v + 1. Let c(f) = 9*f. Let k(l) = 5*c(l) - 2*g(l). Let z(x) = -k(x) - 4*m(x). List the prime factors of z(-3).
11
Suppose q - 3 - 2 = 0. Let h = q - 10. What are the prime factors of (-19)/3*15/h?
19
Let j(i) = i**2 + i - 2. Let k be j(-3). Suppose 0 = 5*o - k*g - 6, -g = 5*o + 2*g - 13. What are the prime factors of o?
2
Let o = 141 - 45. What are the prime factors of o?
2, 3
Suppose -2*g - 380 = -2*d, 5*g - 345 = 5*d - 7*d. What are the prime factors of d?
5, 37
Let q = -1 + 5. List the prime factors of 1/(-2) - (-18)/q.
2
Let s(m) = m**3 + 7*m**2 + m + 12. What are the prime factors of s(-5)?
3, 19
Let j(x) = -x**3 + x**2 + 2*x + 1. Let n(d) = 2*d**3 - 3*d**2 - 3*d - 3. Let p(c) = 7*j(c) + 4*n(c). What are the prime factors of p(5)?
5
Let a = -4 - -4. Suppose a = 4*g - r - 54, 3*r - 18 - 28 = -4*g. List the prime factors of g.
13
Let v be (2/4)/(1/2). Let r(u) = -v + 3*u - 2 + 0*u. List the prime factors of r(5).
2, 3
Suppose 4*u + 37 = 333. Suppose -3*d + u + 7 = 0. What are the prime factors of d?
3
Let v(x) = 13*x + 4. Let h(g) = 3*g + 1. Let i(p) = -9*h(p) + 2*v(p). Let b be i(7). Let o(t) = -t + 1. What are the prime factors of o(b)?
3
Let v = 13 - 6. Suppose -2*i - 3 = -v. List the prime factors of i.
2
Let u be (2/(-3))/(6/(-117)). Let s = 13 + u. What are the prime factors of s?
2, 13
Suppose 